f u?
2
What is the units digit of (-191565)/(-270) + 6/(-4)?
8
Let c(q) = q**3 + 15*q**2 - 27*q - 4. Let t be c(-14). Let u = t + -310. What is the tens digit of u?
6
Let k be ((-68)/(-8))/(2/12). Suppose 0 = -3*x + 41 + 43. Let s = k - x. What is the units digit of s?
3
Let y(g) = -g**3 + 9*g**2 - 11*g + 18. Let w be y(8). Let v(m) = m**3 + 9*m**2 + 10*m + 7. What is the units digit of v(w)?
5
Let t = -181 - -94. Let g = -32 - t. What is the tens digit of g?
5
Suppose -78*d + 141484 = 45778. What is the tens digit of d?
2
Let k be 5/(-2)*(5 + -7). Suppose k = 5*c + 45. Let i(q) = q**2 + 7*q - 2. What is the units digit of i(c)?
6
Let c(f) = -188*f - 13. What is the hundreds digit of c(-3)?
5
Suppose -43*s - 16 = -39*s. Let y(h) = 32*h - 26. Let d(l) = -11*l + 9. Let q(a) = -8*d(a) - 3*y(a). What is the tens digit of q(s)?
3
Let x = -707 + 1013. Let z = x + -181. What is the hundreds digit of z?
1
Let v(u) = -u**3 + 21*u**2 - 38*u + 2. What is the tens digit of v(12)?
4
Let f = 11183 - 6355. What is the tens digit of f?
2
Let o = 275 + 55. Suppose o = 4*y - y. What is the tens digit of y?
1
Suppose 0 = -10*a + 11*a - 2. Suppose -a*f - 3*f = -455. What is the tens digit of f?
9
Let r(y) = 6*y**2 + 5*y - 12. Let b(o) = -o**2 - o + 1. Let w(l) = -5*b(l) - r(l). Let q be w(-4). Let u(n) = -5*n - 7. What is the tens digit of u(q)?
3
Suppose 0 = -9*g + 23841 + 4248. What is the tens digit of g?
2
Suppose -334 = 5*f + u, f - 2*f - 2*u = 74. Let r = 58 - f. What is the tens digit of r?
2
Let g = 593 + 1069. What is the tens digit of g?
6
What is the units digit of 2*(-6 - (8613/6)/(-11))?
9
Let q = 2778 + -732. What is the hundreds digit of q?
0
Let z(f) = f**3 - 9*f**2 + 6*f + 19. Let k be z(8). Suppose -2*u + 400 = k*u. What is the units digit of u?
0
Let y be 6*3/6 + 3. Suppose 5*c - y*c = 45. Let n = 27 - c. What is the tens digit of n?
7
Suppose 33*s - 34050 = 6738. What is the thousands digit of s?
1
Suppose 0*z + 42 = 6*z. Let c(f) = -f**2 + 2. Let o be c(0). Suppose 0 = o*q - 17 - z. What is the units digit of q?
2
Let b(t) be the first derivative of t**3/3 + 5*t**2 - 9*t + 3. Let i be -4*6/108 - 97/9. What is the units digit of b(i)?
2
Let u(x) = -69*x**3 - 5*x**2 - 4*x + 19. What is the hundreds digit of u(-3)?
8
Suppose m = 4*m. Let f = 12 + m. What is the units digit of (1/3)/(f/360)?
0
Let b(y) = 24*y**2 - 19*y + 88. What is the units digit of b(6)?
8
Let d = -891 + 1490. What is the tens digit of d?
9
Let g(i) = 3*i**2 - 4. What is the hundreds digit of g(-9)?
2
Suppose a + u = 0, a - 4*u = 3*a + 10. Let p(j) = 2*j**2 - 4*j + 10. What is the units digit of p(a)?
0
Suppose 3*l - 4*s + 21 = 5, -4*s = 2*l - 16. Suppose -v = -l - 5. Suppose -v*z + z = -232. What is the tens digit of z?
5
Let m be (-22 - 2)/(6/8). What is the units digit of 8/m + 378/8?
7
Let w = -67 + 152. What is the units digit of w?
5
Let c = -510 - -782. What is the tens digit of c?
7
Let v be (7 - (-85)/(-10))*212/(-3). Suppose -2*t + v = 5*x - 6*t, 5*x - 3*t = 102. What is the tens digit of x?
1
Let k be (-297)/(-6)*(-4)/(-2). Let f = k - 24. What is the tens digit of f?
7
Let d(r) = r**2 - 6*r - 5. Let i be d(7). Let u = 166 + -98. Suppose u = 5*n - i. What is the tens digit of n?
1
Let f be 4/5*(-20)/(-8). Let u = f + 23. What is the units digit of u?
5
Suppose 9*v = 2552 - 716. What is the units digit of v?
4
Suppose -1404 = -3*r - 2*l, -1475 = -4*r - 2*l + 395. Let w = 683 - r. What is the tens digit of w?
1
Let m(p) = p**2 - p + 3. Let l be m(-4). Let y be (18/3 - 2)/(5 + -3). Suppose -l = t - y*t. What is the units digit of t?
3
Let i = 227 + -147. Suppose -i = 2*c - 224. What is the units digit of c?
2
Suppose -4*f - 267 = -2*j - 5945, j = -f + 1421. What is the thousands digit of f?
1
Suppose 99*h = 108*h - 26469. What is the thousands digit of h?
2
Let z(l) = l**3 - 3*l**2 - 3*l - 1. Suppose -r = 5*s - 30, -3*r + 10 = 3*s - 4*r. What is the tens digit of z(s)?
3
Suppose 0 = 5*j - q - 3 - 9, 2 = 5*j + 4*q. Suppose 0 = -2*p - j*p - 4*l + 148, -p + 40 = 2*l. What is the tens digit of p?
3
Let x(q) = 180*q**2 - 5*q - 4. What is the hundreds digit of x(-2)?
7
Let r = 550 - 293. What is the units digit of r?
7
Let z(i) = 49*i**2 + 16*i + 137. What is the units digit of z(8)?
1
Let q(i) = -i**2 - 30*i + 65. What is the tens digit of q(-17)?
8
Let g(a) = -a - 10. Let o be g(-14). Suppose -3*u - 2*p = -328, 2*p + 217 = o*u - 211. Suppose 4*x + 0*x = u. What is the tens digit of x?
2
Let y(h) = 2*h + 115. What is the hundreds digit of y(-7)?
1
Let f be (25 - -2) + (-4)/2. Let n = f + -21. Suppose 5*i - 178 = -2*a, 2*i + 3*i - 184 = n*a. What is the units digit of i?
6
Let l(v) = -v - 7. Suppose 5*i + 26 = 3*i. What is the units digit of l(i)?
6
Let a(h) = -41*h. Suppose -4*s + 0*s = -4. Let f be a(s). Let l = f - -89. What is the units digit of l?
8
Suppose 165 = 6*u - 3*u. Suppose t = -1 + u. What is the tens digit of t?
5
Let d(o) = o**2 + 9*o + 4. Let s be d(-9). Suppose 0 = -p + 3*m - 7 + 1, -s*p = -4*m. What is the units digit of p?
3
Let o(n) = 4*n**2 - 2*n + 3. Let v be o(1). Suppose -v*d = 5*x - 1145, 3*d + 2*d - 245 = -x. What is the tens digit of x?
2
Let g = 687 + 4. What is the tens digit of g?
9
Let s be 2 + -2 - (-2 - 12). Let l be (-4)/s - (-65)/7. Suppose l = 5*y - 116. What is the units digit of y?
5
Let v = -2 - -5. Let a(o) = o**2 - 7*o + 2. Let b be a(7). Suppose -v*i - 3*r = -12, b*i - 5*i - 2*r = -15. What is the units digit of i?
7
Suppose 9*x - 5*x + 48 = 0. Let i = -17 + x. Let j = 102 + i. What is the tens digit of j?
7
Let n(i) = -i**2 + 10*i + 22. Let z be n(12). What is the units digit of (-963)/(-63) + z/7?
5
Let j(z) be the first derivative of 2*z**3/3 - 17*z**2/2 - z + 8. What is the hundreds digit of j(-6)?
1
Suppose 5*m = -4*y - 80, -2*y = -2*m + m - 2. Suppose 0*b = -4*b + 2*s + 56, -5*s - 32 = -b. Let z = b - m. What is the tens digit of z?
2
Let t(j) = 84*j**3 + 6*j**2 - 11*j + 4. What is the tens digit of t(2)?
7
Suppose 276 = 8*g + 28. Let j = -28 + g. Suppose 0 = j*a - 6*a + 132. What is the units digit of a?
4
Let p(z) = -z**2 + z + 3. Let d be p(0). Let m be 16/d - 8/24. Suppose m*b - 79 = 2*v, -5*v = 6 + 4. What is the units digit of b?
5
Let w(s) = 66*s - 2. Let l be w(17). Suppose -l = 7*o - 14*o. What is the units digit of o?
0
Suppose -5*h = -3*i + 23, -6*h = -2*i - 11*h - 18. Let v be -3*(-8)/12 + i. Suppose 5*q - r - 75 = 0, -3*q - 49 = -7*q + v*r. What is the tens digit of q?
1
Suppose -4*x - 2*g = -3054, -6*x + 5*g = -10*x + 3069. What is the tens digit of x?
6
Let x = 465 + -714. Let b = -160 - x. What is the tens digit of b?
8
Let c(w) = -w**2 + 59*w - 34. What is the hundreds digit of c(41)?
7
What is the tens digit of (-6)/4 - (-114103)/82?
9
Let r(k) = 23*k - 46. What is the units digit of r(7)?
5
Let d(u) = -9 + 3 - 18 + 0 - 4*u. Let p(t) = 5*t + 24. Let o(m) = -4*d(m) - 3*p(m). What is the units digit of o(0)?
4
Let b(f) = f**3 - 8*f**2 + 27*f - 30. What is the units digit of b(11)?
0
Suppose -2*v = 3*v - p - 5, 0 = 2*p - 10. Suppose -3*l - 11 = -v*c, -2*l - 5*c + 4*c = -2. What is the units digit of l + 0 - (-12)/4?
2
Let b be (-3 - 1)*(-10)/20. Let s(a) = -b + 2*a + 4*a + a. What is the units digit of s(7)?
7
Suppose 0 = -5*t - 3*p + 8942, -t - 5*p + 541 = -1243. What is the hundreds digit of t?
7
Suppose 6*d + 1027 = -509. Let w = -171 - d. What is the units digit of w?
5
Let o(x) = 116*x - 184. What is the units digit of o(20)?
6
Suppose -2*p + 950 = -2*a, -4*p + 5*a = 9*a - 1876. What is the hundreds digit of p?
4
Let v(i) = 106*i**3 - i**2 + 7*i - 2. What is the hundreds digit of v(2)?
8
Let r(h) = 6*h**2 - h. Let a = 5 + -4. Let b be r(a). What is the tens digit of (-2)/b - (-441)/15?
2
Let q = 90 - 86. Suppose -473 = -q*g + 255. What is the hundreds digit of g?
1
Let z = -46 - -44. What is the tens digit of (3815/(-15))/(-7) - z/(-6)?
3
Suppose -136*m + 2520 = -130*m. What is the tens digit of m?
2
Let q be (-6)/15 - (-154)/10. Suppose -5*u + 10 = -q. What is the units digit of u?
5
Let c = 1523 + -573. What is the tens digit of c?
5
Let w = 645 + -154. What is the units digit of w?
1
Let i(d) = d**3 + 4*d**2 - 3*d - 4. Let b be i(-4). Let r = 38 + b. What is the tens digit of r?
4
What is the tens d